{"id":4899,"date":"2026-03-22T13:02:14","date_gmt":"2026-03-22T13:02:14","guid":{"rendered":"https:\/\/dev.laerkeegefjord.dk\/wordpress\/front-page-fse\/"},"modified":"2026-03-22T13:03:17","modified_gmt":"2026-03-22T13:03:17","slug":"front-page","status":"publish","type":"page","link":"https:\/\/dev.laerkeegefjord.dk\/wordpress\/","title":{"rendered":"Velkommen"},"content":{"rendered":"\n<div class=\"wp-block-cover alignfull\" style=\"\">\n<span aria-hidden=\"true\" class=\"wp-block-cover__background has-background-dim-0 has-background-dim\"><\/span>\n<img decoding=\"async\" class=\"wp-block-cover__image-background\" alt=\"L\u00e6rke Egefjord\" src=\"https:\/\/dev.laerkeegefjord.dk\/wordpress\/wp-content\/uploads\/2021\/05\/IMG_0762-2-scaled.jpg\" data-object-fit=\"cover\"\/>\n<div class=\"wp-block-cover__inner-container is-layout-flow wp-block-cover-is-layout-flow\">\n\n<p class=\"has-text-align-center laerke-hero-tagline\" style=\"font-size:clamp(1.1rem,3.5vw,2.4rem);color:#54595F;padding:clamp(8px,2vw,20px) clamp(12px,3vw,40px);background:rgba(251,240,224,0.65);font-family:'Bad Script',cursive;max-width:100%;box-sizing:border-box;overflow-wrap:break-word;\">Et sk\u00f8nt, sk\u00f8rt miks af ekspressionisme og impressionisme, krydret med koloristens nysgerrige leg med farverne<\/p>\n\n<\/div>\n<\/div>\n\n\n\n<div class=\"wp-block-group alignfull has-global-padding is-layout-constrained wp-block-group-is-layout-constrained\" style=\"background-color:#FFFAF3;padding-top:20px;padding-bottom:40px;\">\n\n<hr class=\"wp-block-separator has-peach-coral-color has-alpha-channel-opacity has-peach-coral-background-color has-background is-style-wide is-style-wide--1\"\/>\n\n\n<p class=\"has-text-align-center\" style=\"font-style:italic;font-size:1.5rem;\">&#8220;L\u00e6rke Egefjords malerier appellerer til, at dine \u00f8jne og hjerne selv leger med \u2026 og god kunst er for mig, at jeg udfordres som medspillende iagttager!&#8221;<br><cite style=\"font-style:normal;font-size:0.9rem;\">Kris S\u00f8gaard, kunstner, bosiddende i Aarhus<\/cite><\/p>\n\n\n<hr class=\"wp-block-separator has-peach-coral-color has-alpha-channel-opacity has-peach-coral-background-color has-background is-style-wide is-style-wide--2\"\/>\n\n<\/div>\n\n\n\n<div class=\"wp-block-columns alignwide is-layout-flex wp-container-core-columns-is-layout-c4f7a325 wp-block-columns-is-layout-flex\" style=\"padding-top:40px;padding-bottom:40px;\">\n\n<div class=\"wp-block-column is-layout-flow wp-block-column-is-layout-flow\">\n\n<figure class=\"wp-block-image size-large\"><img loading=\"lazy\" decoding=\"async\" width=\"1704\" height=\"2560\" src=\"https:\/\/dev.laerkeegefjord.dk\/wordpress\/wp-content\/uploads\/2021\/04\/002_Laerke-Egefjord-_Dalhoff-scaled.jpg\" alt=\"L\u00e6rke Egefjord\" class=\"wp-image-1118\" srcset=\"https:\/\/dev.laerkeegefjord.dk\/wordpress\/wp-content\/uploads\/2021\/04\/002_Laerke-Egefjord-_Dalhoff-scaled.jpg 1704w, https:\/\/dev.laerkeegefjord.dk\/wordpress\/wp-content\/uploads\/2021\/04\/002_Laerke-Egefjord-_Dalhoff-scaled-600x901.jpg 600w, https:\/\/dev.laerkeegefjord.dk\/wordpress\/wp-content\/uploads\/2021\/04\/002_Laerke-Egefjord-_Dalhoff-200x300.jpg 200w, https:\/\/dev.laerkeegefjord.dk\/wordpress\/wp-content\/uploads\/2021\/04\/002_Laerke-Egefjord-_Dalhoff-682x1024.jpg 682w, https:\/\/dev.laerkeegefjord.dk\/wordpress\/wp-content\/uploads\/2021\/04\/002_Laerke-Egefjord-_Dalhoff-768x1154.jpg 768w, https:\/\/dev.laerkeegefjord.dk\/wordpress\/wp-content\/uploads\/2021\/04\/002_Laerke-Egefjord-_Dalhoff-1022x1536.jpg 1022w, https:\/\/dev.laerkeegefjord.dk\/wordpress\/wp-content\/uploads\/2021\/04\/002_Laerke-Egefjord-_Dalhoff-1363x2048.jpg 1363w\" sizes=\"auto, (max-width: 1704px) 100vw, 1704px\" \/><\/figure>\n\n<\/div>\n\n\n<div class=\"wp-block-column is-layout-flow wp-block-column-is-layout-flow\">\n\n<p style=\"font-family: Charm, cursive; font-size:1.9rem; font-weight:500; line-height:2em; letter-spacing:1px; text-align:center;\"><i>Lad kunst skabe &amp; styrke udtrykket i dit hjem<\/i><\/p><p style=\"font-family: Charm, cursive; font-size:1.9rem; font-weight:500; line-height:2em; letter-spacing:1px; text-align:center;\">At male er for mig som at tr\u00e6de ind i en kreativ boble af flow, hvor jeg glemmer tid og sted og kun har \u00f8je for l\u00e6rredet foran mig. Daglige dyb i havet \u00e5ret rundt f\u00e5r inspirationen til at spire og motiver til at tone frem for mit indre blik. Herfra vokser b\u00e5de landskabsmalerier &#8211; ofte med strandmotiver &#8211; men ogs\u00e5 mere abstrakte v\u00e6rker, hvor himmel &amp; hav tit stadig kan fornemmes i det f\u00e6rdige v\u00e6rk.<\/p>\n\n<\/div>\n\n<\/div>\n\n\n\n<h2 class=\"wp-block-heading has-text-align-center\" style=\"color:#54595F;font-family:Roboto Slab, serif;font-weight:400;\">Kategorier<\/h2>\n\n\n\n<hr class=\"wp-block-separator is-style-wide is-style-wide--3\"\/>\n\n\n\n<div class=\"wp-block-group laerke-category-grid wp-block-group-\">\n\n<div class=\"wp-block-columns alignwide is-layout-flex wp-container-core-columns-is-layout-28f84493 wp-block-columns-is-layout-flex\">\n\n<div class=\"wp-block-column is-layout-flow wp-block-column-is-layout-flow\">\n\n<figure class=\"wp-block-image size-medium\"><a href=\"\/wordpress\/akrylmalerier\/\"><img loading=\"lazy\" decoding=\"async\" width=\"750\" height=\"574\" src=\"https:\/\/dev.laerkeegefjord.dk\/wordpress\/wp-content\/uploads\/2021\/04\/unnamed.jpg\" alt=\"Akrylmalerier\" class=\"wp-image-1844\"\/><\/a><figcaption class=\"wp-element-caption\">Akrylmalerier<\/figcaption><\/figure>\n\n<\/div>\n\n\n<div class=\"wp-block-column is-layout-flow wp-block-column-is-layout-flow\">\n\n<figure class=\"wp-block-image size-medium\"><a href=\"\/wordpress\/akvareller\/\"><img loading=\"lazy\" decoding=\"async\" width=\"2543\" height=\"2560\" src=\"https:\/\/dev.laerkeegefjord.dk\/wordpress\/wp-content\/uploads\/2021\/04\/IMG_9124-scaled-1.jpg\" alt=\"Akvareller\" class=\"wp-image-1811\" srcset=\"https:\/\/dev.laerkeegefjord.dk\/wordpress\/wp-content\/uploads\/2021\/04\/IMG_9124-scaled-1.jpg 2543w, https:\/\/dev.laerkeegefjord.dk\/wordpress\/wp-content\/uploads\/2021\/04\/IMG_9124-scaled-1-100x100.jpg 100w, https:\/\/dev.laerkeegefjord.dk\/wordpress\/wp-content\/uploads\/2021\/04\/IMG_9124-scaled-1-600x604.jpg 600w, https:\/\/dev.laerkeegefjord.dk\/wordpress\/wp-content\/uploads\/2021\/04\/IMG_9124-scaled-1-298x300.jpg 298w, https:\/\/dev.laerkeegefjord.dk\/wordpress\/wp-content\/uploads\/2021\/04\/IMG_9124-scaled-1-1017x1024.jpg 1017w, https:\/\/dev.laerkeegefjord.dk\/wordpress\/wp-content\/uploads\/2021\/04\/IMG_9124-scaled-1-150x150.jpg 150w, https:\/\/dev.laerkeegefjord.dk\/wordpress\/wp-content\/uploads\/2021\/04\/IMG_9124-scaled-1-768x773.jpg 768w, https:\/\/dev.laerkeegefjord.dk\/wordpress\/wp-content\/uploads\/2021\/04\/IMG_9124-scaled-1-1526x1536.jpg 1526w, https:\/\/dev.laerkeegefjord.dk\/wordpress\/wp-content\/uploads\/2021\/04\/IMG_9124-scaled-1-2034x2048.jpg 2034w\" sizes=\"auto, (max-width: 2543px) 100vw, 2543px\" \/><\/a><figcaption class=\"wp-element-caption\">Akvareller<\/figcaption><\/figure>\n\n<\/div>\n\n\n<div class=\"wp-block-column is-layout-flow wp-block-column-is-layout-flow\">\n\n<figure class=\"wp-block-image size-medium\"><a href=\"\/wordpress\/akvareller-andre\/\"><img loading=\"lazy\" decoding=\"async\" width=\"768\" height=\"960\" src=\"https:\/\/dev.laerkeegefjord.dk\/wordpress\/wp-content\/uploads\/2021\/04\/100642681_951827105250355_8866232226153496576_o.jpg\" alt=\"Akvareller \u2013 Andre\" class=\"wp-image-1762\"\/><\/a><figcaption class=\"wp-element-caption\">Akvareller \u2013 Andre<\/figcaption><\/figure>\n\n<\/div>\n\n<\/div>\n\n\n\n<div class=\"wp-block-columns alignwide is-layout-flex wp-container-core-columns-is-layout-28f84493 wp-block-columns-is-layout-flex\">\n\n<div class=\"wp-block-column is-layout-flow wp-block-column-is-layout-flow\">\n\n<figure class=\"wp-block-image size-medium\"><a href=\"\/wordpress\/akvareller-kvinder\/\"><img loading=\"lazy\" decoding=\"async\" width=\"2560\" height=\"2109\" src=\"https:\/\/dev.laerkeegefjord.dk\/wordpress\/wp-content\/uploads\/2021\/04\/unnamed-2-scaled.jpg\" alt=\"Akvareller \u2013 Kvinder\" class=\"wp-image-2656\" srcset=\"https:\/\/dev.laerkeegefjord.dk\/wordpress\/wp-content\/uploads\/2021\/04\/unnamed-2-scaled.jpg 2560w, https:\/\/dev.laerkeegefjord.dk\/wordpress\/wp-content\/uploads\/2021\/04\/unnamed-2-scaled-600x494.jpg 600w, https:\/\/dev.laerkeegefjord.dk\/wordpress\/wp-content\/uploads\/2021\/04\/unnamed-2-300x247.jpg 300w, https:\/\/dev.laerkeegefjord.dk\/wordpress\/wp-content\/uploads\/2021\/04\/unnamed-2-1024x844.jpg 1024w, https:\/\/dev.laerkeegefjord.dk\/wordpress\/wp-content\/uploads\/2021\/04\/unnamed-2-768x633.jpg 768w, https:\/\/dev.laerkeegefjord.dk\/wordpress\/wp-content\/uploads\/2021\/04\/unnamed-2-1536x1265.jpg 1536w, https:\/\/dev.laerkeegefjord.dk\/wordpress\/wp-content\/uploads\/2021\/04\/unnamed-2-2048x1687.jpg 2048w\" sizes=\"auto, (max-width: 2560px) 100vw, 2560px\" \/><\/a><figcaption class=\"wp-element-caption\">Akvareller \u2013 Kvinder<\/figcaption><\/figure>\n\n<\/div>\n\n\n<div class=\"wp-block-column is-layout-flow wp-block-column-is-layout-flow\">\n\n<figure class=\"wp-block-image size-medium\"><a href=\"\/wordpress\/alkohol-ink\/\"><img loading=\"lazy\" decoding=\"async\" width=\"750\" height=\"1334\" src=\"https:\/\/dev.laerkeegefjord.dk\/wordpress\/wp-content\/uploads\/2021\/04\/unnamed-1.jpg\" alt=\"Alkohol Ink\" class=\"wp-image-1873\" srcset=\"https:\/\/dev.laerkeegefjord.dk\/wordpress\/wp-content\/uploads\/2021\/04\/unnamed-1.jpg 750w, https:\/\/dev.laerkeegefjord.dk\/wordpress\/wp-content\/uploads\/2021\/04\/unnamed-1-600x1067.jpg 600w, https:\/\/dev.laerkeegefjord.dk\/wordpress\/wp-content\/uploads\/2021\/04\/unnamed-1-169x300.jpg 169w, https:\/\/dev.laerkeegefjord.dk\/wordpress\/wp-content\/uploads\/2021\/04\/unnamed-1-576x1024.jpg 576w\" sizes=\"auto, (max-width: 750px) 100vw, 750px\" \/><\/a><figcaption class=\"wp-element-caption\">Alkohol Ink<\/figcaption><\/figure>\n\n<\/div>\n\n\n<div class=\"wp-block-column is-layout-flow wp-block-column-is-layout-flow\">\n\n<figure class=\"wp-block-image size-medium\"><a href=\"\/wordpress\/fodselsblomst\/\"><img loading=\"lazy\" decoding=\"async\" width=\"1630\" height=\"2481\" src=\"https:\/\/dev.laerkeegefjord.dk\/wordpress\/wp-content\/uploads\/2022\/10\/121288-Laerke-Serie-1-ok_Page_03.jpg\" alt=\"\u00c5rets F\u00f8dselsblomster\" class=\"wp-image-3803\" srcset=\"https:\/\/dev.laerkeegefjord.dk\/wordpress\/wp-content\/uploads\/2022\/10\/121288-Laerke-Serie-1-ok_Page_03.jpg 1630w, https:\/\/dev.laerkeegefjord.dk\/wordpress\/wp-content\/uploads\/2022\/10\/121288-Laerke-Serie-1-ok_Page_03-197x300.jpg 197w, https:\/\/dev.laerkeegefjord.dk\/wordpress\/wp-content\/uploads\/2022\/10\/121288-Laerke-Serie-1-ok_Page_03-673x1024.jpg 673w, https:\/\/dev.laerkeegefjord.dk\/wordpress\/wp-content\/uploads\/2022\/10\/121288-Laerke-Serie-1-ok_Page_03-768x1169.jpg 768w, https:\/\/dev.laerkeegefjord.dk\/wordpress\/wp-content\/uploads\/2022\/10\/121288-Laerke-Serie-1-ok_Page_03-1009x1536.jpg 1009w, https:\/\/dev.laerkeegefjord.dk\/wordpress\/wp-content\/uploads\/2022\/10\/121288-Laerke-Serie-1-ok_Page_03-1346x2048.jpg 1346w, https:\/\/dev.laerkeegefjord.dk\/wordpress\/wp-content\/uploads\/2022\/10\/121288-Laerke-Serie-1-ok_Page_03-800x1218.jpg 800w, https:\/\/dev.laerkeegefjord.dk\/wordpress\/wp-content\/uploads\/2022\/10\/121288-Laerke-Serie-1-ok_Page_03-600x913.jpg 600w\" sizes=\"auto, (max-width: 1630px) 100vw, 1630px\" \/><\/a><figcaption class=\"wp-element-caption\">\u00c5rets F\u00f8dselsblomster<\/figcaption><\/figure>\n\n<\/div>\n\n<\/div>\n\n<\/div>\n\n\n\n<div class=\"wp-block-group alignfull has-global-padding is-layout-constrained wp-block-group-is-layout-constrained\" style=\"background-color:#FBF0E0;padding-top:40px;padding-bottom:40px;\">\n\n<div style=\"text-align:center;\"><h1>AKTUEL UDSTILLING:<\/h1><p>&nbsp;<\/p><h1>TENDENS M\u00f8bler<\/h1><h3>G\u00e5seagervej 8<br \/>8250 Eg\u00e5<\/h3><h3>Udstilling af b\u00e5de akrylmalerier &amp; akvareller &#8211; alle er velkomne til at kigge ind<\/h3><h3>(Se \u00e5bningstider p\u00e5 <a href=\"https:\/\/www.tendensshop.dk\/\">www.tendensshop.dk<\/a>)<\/h3><\/div>\n\n<\/div>\n\n\n\n<div class=\"wp-block-group alignfull has-global-padding is-layout-constrained wp-block-group-is-layout-constrained\" style=\"background-color:#FFFAF3;padding-top:40px;padding-bottom:60px;\">\n\n<h2 class=\"wp-block-heading has-text-align-center has-text-color\" style=\"color:#54595F;font-family:Roboto, sans-serif;font-weight:600;\">Tilmeld dig Nyhedsbrevet<\/h2>\n\n\n<p class=\"has-text-align-center\">Hold dig opdateret p\u00e5 nye malerier, ferniseringer, kurser og foredrag<\/p>\n\n\n<hr class=\"wp-block-separator is-style-wide has-background is-style-wide--4\" style=\"background-color:#54595F;height:4.5px;border:none;\"\/>\n\n\n<div class=\"wp-block-group has-global-padding is-layout-constrained wp-container-core-group-is-layout-8f60c7a6 wp-block-group-is-layout-constrained\">\n<script>(function() {\n\twindow.mc4wp = window.mc4wp || {\n\t\tlisteners: [],\n\t\tforms: {\n\t\t\ton: function(evt, cb) {\n\t\t\t\twindow.mc4wp.listeners.push(\n\t\t\t\t\t{\n\t\t\t\t\t\tevent   : evt,\n\t\t\t\t\t\tcallback: cb\n\t\t\t\t\t}\n\t\t\t\t);\n\t\t\t}\n\t\t}\n\t}\n})();\n<\/script><!-- Mailchimp for WordPress v4.12.1 - https:\/\/wordpress.org\/plugins\/mailchimp-for-wp\/ --><form id=\"mc4wp-form-1\" class=\"mc4wp-form mc4wp-form-4925\" method=\"post\" data-id=\"4925\" data-name=\"Nyhedsbrev Tilmelding\" ><div class=\"mc4wp-form-fields\"><div class=\"mc4wp-newsletter-form\">\n<p class=\"mc4wp-field-group\">\n  <label for=\"mc4wp-FNAME\">Navn <span class=\"mc4wp-required\">*<\/span><\/label>\n  <input type=\"text\" id=\"mc4wp-FNAME\" name=\"FNAME\" placeholder=\"Dit navn\" required \/>\n<\/p>\n<p class=\"mc4wp-field-group\">\n  <label for=\"mc4wp-EMAIL\">E-mailadresse <span class=\"mc4wp-required\">*<\/span><\/label>\n  <input type=\"email\" id=\"mc4wp-EMAIL\" name=\"EMAIL\" placeholder=\"din@email.dk\" required \/>\n<\/p>\n<p class=\"mc4wp-field-submit\">\n  <input type=\"submit\" value=\"Tilmeld\" \/>\n<\/p>\n<\/div><\/div><label style=\"display: none !important;\">Leave this field empty if you&#8217;re human: <input type=\"text\" name=\"_mc4wp_honeypot\" value=\"\" tabindex=\"-1\" autocomplete=\"off\" \/><\/label><input type=\"hidden\" name=\"_mc4wp_timestamp\" value=\"1775411345\" \/><input type=\"hidden\" name=\"_mc4wp_form_id\" value=\"4925\" \/><input type=\"hidden\" name=\"_mc4wp_form_element_id\" value=\"mc4wp-form-1\" \/><div class=\"mc4wp-response\"><\/div><\/form><!-- \/ Mailchimp for WordPress Plugin -->\n<\/div>\n\n<\/div>\n\n","protected":false},"excerpt":{"rendered":"<p>&#8220;L\u00e6rke Egefjords malerier appellerer til, at dine \u00f8jne og hjerne selv leger med \u2026 og god kunst er for mig, at jeg udfordres som medspillende iagttager!&#8221;Kris S\u00f8gaard, kunstner, bosiddende i Aarhus Lad kunst skabe &amp; styrke udtrykket i dit hjem At male er for mig som at tr\u00e6de ind i en kreativ boble af flow, [&hellip;]<\/p>\n","protected":false},"author":0,"featured_media":0,"parent":0,"menu_order":0,"comment_status":"closed","ping_status":"closed","template":"","meta":{"_seopress_robots_primary_cat":"","_seopress_titles_title":"","_seopress_titles_desc":"","_seopress_robots_index":"","footnotes":""},"class_list":["post-4899","page","type-page","status-publish","hentry"],"_links":{"self":[{"href":"https:\/\/dev.laerkeegefjord.dk\/wordpress\/wp-json\/wp\/v2\/pages\/4899","targetHints":{"allow":["GET"]}}],"collection":[{"href":"https:\/\/dev.laerkeegefjord.dk\/wordpress\/wp-json\/wp\/v2\/pages"}],"about":[{"href":"https:\/\/dev.laerkeegefjord.dk\/wordpress\/wp-json\/wp\/v2\/types\/page"}],"replies":[{"embeddable":true,"href":"https:\/\/dev.laerkeegefjord.dk\/wordpress\/wp-json\/wp\/v2\/comments?post=4899"}],"version-history":[{"count":1,"href":"https:\/\/dev.laerkeegefjord.dk\/wordpress\/wp-json\/wp\/v2\/pages\/4899\/revisions"}],"predecessor-version":[{"id":4916,"href":"https:\/\/dev.laerkeegefjord.dk\/wordpress\/wp-json\/wp\/v2\/pages\/4899\/revisions\/4916"}],"wp:attachment":[{"href":"https:\/\/dev.laerkeegefjord.dk\/wordpress\/wp-json\/wp\/v2\/media?parent=4899"}],"curies":[{"name":"wp","href":"https:\/\/api.w.org\/{rel}","templated":true}]}}