{"id":4890,"date":"2026-03-22T12:58:27","date_gmt":"2026-03-22T12:58:27","guid":{"rendered":"https:\/\/dev.laerkeegefjord.dk\/wordpress\/akvarel-af-dig-fse\/"},"modified":"2026-04-02T11:44:13","modified_gmt":"2026-04-02T11:44:13","slug":"akvarel-af-dig","status":"publish","type":"page","link":"https:\/\/dev.laerkeegefjord.dk\/wordpress\/akvarel-af-dig\/","title":{"rendered":"Akvarel af Dig"},"content":{"rendered":"\n<h1 class=\"uk-margin-small uk-text-center\" style=\"text-align: center\">Se, hvor smuk du er<\/h1><div class=\"uk-panel uk-margin-small uk-width-2xlarge uk-margin-auto uk-text-center\"><p style=\"text-align: center\"><em>\u2013 f\u00e5 et anderledes &amp; unikt v\u00e6rk af dig selv som kvinde \u2013 og en helt s\u00e6rlig oplevelse !<\/em><\/p><\/div>\n\n\n\n<div class=\"wp-block-columns is-layout-flex wp-container-core-columns-is-layout-28f84493 wp-block-columns-is-layout-flex\">\n\n<div class=\"wp-block-column is-layout-flow wp-block-column-is-layout-flow\" style=\"flex-basis:50%\">\n\n<figure class=\"wp-block-image size-large\"><img loading=\"lazy\" decoding=\"async\" width=\"2048\" height=\"1477\" src=\"https:\/\/dev.laerkeegefjord.dk\/wordpress\/wp-content\/uploads\/2021\/04\/Akvarel3_L_Egefjord-kopi-2-13fbcc98.jpeg\" alt=\"\" class=\"wp-image-1434\" srcset=\"https:\/\/dev.laerkeegefjord.dk\/wordpress\/wp-content\/uploads\/2021\/04\/Akvarel3_L_Egefjord-kopi-2-13fbcc98.jpeg 2048w, https:\/\/dev.laerkeegefjord.dk\/wordpress\/wp-content\/uploads\/2021\/04\/Akvarel3_L_Egefjord-kopi-2-13fbcc98-600x433.jpeg 600w, https:\/\/dev.laerkeegefjord.dk\/wordpress\/wp-content\/uploads\/2021\/04\/Akvarel3_L_Egefjord-kopi-2-13fbcc98-300x216.jpeg 300w, https:\/\/dev.laerkeegefjord.dk\/wordpress\/wp-content\/uploads\/2021\/04\/Akvarel3_L_Egefjord-kopi-2-13fbcc98-1024x739.jpeg 1024w, https:\/\/dev.laerkeegefjord.dk\/wordpress\/wp-content\/uploads\/2021\/04\/Akvarel3_L_Egefjord-kopi-2-13fbcc98-768x554.jpeg 768w, https:\/\/dev.laerkeegefjord.dk\/wordpress\/wp-content\/uploads\/2021\/04\/Akvarel3_L_Egefjord-kopi-2-13fbcc98-1536x1108.jpeg 1536w\" sizes=\"auto, (max-width: 2048px) 100vw, 2048px\" \/><\/figure>\n\n\n<\/div>\n\n\n<div class=\"wp-block-column is-layout-flow wp-block-column-is-layout-flow\" style=\"flex-basis:50%\">\n\n<figure class=\"wp-block-image size-large\"><img loading=\"lazy\" decoding=\"async\" width=\"960\" height=\"960\" src=\"https:\/\/dev.laerkeegefjord.dk\/wordpress\/wp-content\/uploads\/2021\/05\/67955079_733180930448308_4524465398833217536_n-2.jpg\" alt=\"\" class=\"wp-image-2955\" srcset=\"https:\/\/dev.laerkeegefjord.dk\/wordpress\/wp-content\/uploads\/2021\/05\/67955079_733180930448308_4524465398833217536_n-2.jpg 960w, https:\/\/dev.laerkeegefjord.dk\/wordpress\/wp-content\/uploads\/2021\/05\/67955079_733180930448308_4524465398833217536_n-2-300x300.jpg 300w, https:\/\/dev.laerkeegefjord.dk\/wordpress\/wp-content\/uploads\/2021\/05\/67955079_733180930448308_4524465398833217536_n-2-100x100.jpg 100w, https:\/\/dev.laerkeegefjord.dk\/wordpress\/wp-content\/uploads\/2021\/05\/67955079_733180930448308_4524465398833217536_n-2-600x600.jpg 600w, https:\/\/dev.laerkeegefjord.dk\/wordpress\/wp-content\/uploads\/2021\/05\/67955079_733180930448308_4524465398833217536_n-2-150x150.jpg 150w, https:\/\/dev.laerkeegefjord.dk\/wordpress\/wp-content\/uploads\/2021\/05\/67955079_733180930448308_4524465398833217536_n-2-768x768.jpg 768w\" sizes=\"auto, (max-width: 960px) 100vw, 960px\" \/><\/figure>\n\n\n<\/div>\n\n<\/div>\n\n\n\n<div class=\"uk-panel uk-margin-small uk-width-2xlarge uk-margin-auto uk-text-center\"><p style=\"text-align: center\">Kroppen er et vidunderligt motiv, b\u00e5de hvis den er ung, rynket, gravid eller noget helt andet. Men nogle gange kan vi v\u00e6re bange for at vise os frem og udstille vores s\u00e5rbarhed. Her er muligheden for at f\u00e5 et v\u00e6rk, der samtidig er en daglig p\u00e5mindelse om, <strong>hvor smuk du er<\/strong>.<\/p><\/div><div class=\"uk-panel uk-margin-small uk-width-2xlarge uk-margin-auto uk-text-center\"><p>Mange oplever store forandringer i deres krop gennem livet \u2013 m\u00e5ske har en graviditet givet dig \u00e5reknuder, alderen en fladere bagdel eller overgangsalderen flere kilo p\u00e5 sidebenene \u2013 og ofte er det nemmere at se det negative frem for det positive. Ved at f\u00e5 lavet et v\u00e6rk af dig selv, har du mulighed for at styrke dit selvv\u00e6rd og selvk\u00e6rlighed p\u00e5 en nysgerrig og anderledes m\u00e5de. Og m\u00e5ske finde ro i at v\u00e6re perfekt uperfekt pr\u00e6cis som du er.<\/p><p style=\"text-align: center\">Inspireret af den flygtige og abstrakte croquisgenre skaber jeg et intenst kunstv\u00e6rk af dig, hvor huden, bev\u00e6gelsen og stemningen flyder sammen i en let, levende og ultrafeminin akvarel.<\/p><p style=\"text-align: center\"><em>Perfekt som original og personlig gave til dig selv eller en, der elsker at kigge p\u00e5 dig.<\/em><\/p><h2 style=\"text-align: center\">Pris: 2200 kr. inklusiv ramme\u00a0<\/h2><\/div>\n\n\n\n<div class=\"wp-block-columns is-layout-flex wp-container-core-columns-is-layout-28f84493 wp-block-columns-is-layout-flex\">\n\n<div class=\"wp-block-column is-layout-flow wp-block-column-is-layout-flow\" style=\"flex-basis:50%\">\n\n<figure class=\"wp-block-image size-large\"><img loading=\"lazy\" decoding=\"async\" width=\"640\" height=\"853\" src=\"https:\/\/dev.laerkeegefjord.dk\/wordpress\/wp-content\/uploads\/2021\/05\/118761317_3162933477157613_6803305863562560835_n.jpg\" alt=\"\" class=\"wp-image-2934\" srcset=\"https:\/\/dev.laerkeegefjord.dk\/wordpress\/wp-content\/uploads\/2021\/05\/118761317_3162933477157613_6803305863562560835_n.jpg 640w, https:\/\/dev.laerkeegefjord.dk\/wordpress\/wp-content\/uploads\/2021\/05\/118761317_3162933477157613_6803305863562560835_n-600x800.jpg 600w, https:\/\/dev.laerkeegefjord.dk\/wordpress\/wp-content\/uploads\/2021\/05\/118761317_3162933477157613_6803305863562560835_n-225x300.jpg 225w\" sizes=\"auto, (max-width: 640px) 100vw, 640px\" \/><\/figure>\n\n\n<\/div>\n\n\n<div class=\"wp-block-column is-layout-flow wp-block-column-is-layout-flow\" style=\"flex-basis:50%\">\n\n<figure class=\"wp-block-image size-large\"><img loading=\"lazy\" decoding=\"async\" width=\"1600\" height=\"2259\" src=\"https:\/\/dev.laerkeegefjord.dk\/wordpress\/wp-content\/uploads\/2021\/04\/Foto_AnneKring-7ce7d28c.jpeg\" alt=\"\" class=\"wp-image-1432\" srcset=\"https:\/\/dev.laerkeegefjord.dk\/wordpress\/wp-content\/uploads\/2021\/04\/Foto_AnneKring-7ce7d28c.jpeg 1600w, https:\/\/dev.laerkeegefjord.dk\/wordpress\/wp-content\/uploads\/2021\/04\/Foto_AnneKring-7ce7d28c-600x847.jpeg 600w, https:\/\/dev.laerkeegefjord.dk\/wordpress\/wp-content\/uploads\/2021\/04\/Foto_AnneKring-7ce7d28c-212x300.jpeg 212w, https:\/\/dev.laerkeegefjord.dk\/wordpress\/wp-content\/uploads\/2021\/04\/Foto_AnneKring-7ce7d28c-725x1024.jpeg 725w, https:\/\/dev.laerkeegefjord.dk\/wordpress\/wp-content\/uploads\/2021\/04\/Foto_AnneKring-7ce7d28c-768x1084.jpeg 768w, https:\/\/dev.laerkeegefjord.dk\/wordpress\/wp-content\/uploads\/2021\/04\/Foto_AnneKring-7ce7d28c-1088x1536.jpeg 1088w, https:\/\/dev.laerkeegefjord.dk\/wordpress\/wp-content\/uploads\/2021\/04\/Foto_AnneKring-7ce7d28c-1451x2048.jpeg 1451w\" sizes=\"auto, (max-width: 1600px) 100vw, 1600px\" \/><figcaption class=\"wp-element-caption\">Foto: Anne Kring<\/figcaption><\/figure>\n\n\n<\/div>\n\n<\/div>\n\n\n\n<h2 class=\"uk-h2 uk-margin-small uk-text-center\" style=\"text-align: center\">Udvalgte referencer fra kunder:<\/h2><div class=\"uk-panel uk-margin uk-width-2xlarge uk-margin-auto uk-text-center\"><p style=\"text-align: center\"><em>\u2018Da jeg var gravid i 9 m\u00e5ned, fik jeg malet en smuk og farverig akvarel af min gravide krop. V\u00e6rket blev lavet i L\u00e6rkes hjem, og det var en rigtig god, afslappende og tryg oplevelse, hvor jeg undervejs blev inddraget i valg af farver, opstilling osv. Det er et b\u00e5de smukt, anderledes og unikt minde om min graviditet.\u2019<\/em><br \/>\/ Katrine R\u00f8nne Nikolajsen, Aarhus.<\/p><p style=\"text-align: center\"><em>\u2019Som morgengave til min kommende mand, har jeg f\u00e5et lavet et farverigt akvarel af mig selv. Det er b\u00e5de personligt og intimt, men ogs\u00e5 et smukt stykke kunst, som kan h\u00e6nge i vores f\u00e6lles hjem i rigtig mange \u00e5r. Det blev lavet hjemme hos L\u00e6rke, som med sin n\u00e6rv\u00e6rende og profesionelle person skabte tryghed og ro, s\u00e5 det blev en rigtig hyggelig og god oplevelse. Derudover er det kommet det smukkeste resultat, som jeg gl\u00e6der mig til at vise min mand p\u00e5 vores bryllupsdag.\u2019<\/em>\u00a0<br \/>\/ Marie Hansen, Aarhus.<br \/><br \/><em>Da jeg stod og tog undert\u00f8j p\u00e5 derhjemme og fangede mit spejlbillede, t\u00e6nkte jeg: Du mener da ikke, at du skal st\u00e5 og vise det her frem? Det var ikke, hvad jeg havde lyst til den morgen. Men da jeg f\u00f8rst l\u00e5 p\u00e5 sengen hos L\u00e6rke, mens hun malede, var det rigtig fint. Det f\u00f8ltes rart og trygt, og solen skinnede ind gennem vinduet.<\/em><br \/><em>Resultatet fanger rigtig fint stemningen og lyset fra dagen. Og s\u00e5 er jeg overrasket over, hvordan noget med mig som model kan blive s\u00e5 kunstnerisk. Det er jo flatterende. Da jeg gik fra L\u00e6rke, svingede jeg min r\u00f8de taske ind i bilen og t\u00e6nkte for mig selv: S\u00e5, nu har jeg gjort det! Og det var et stort skridt.\u2019<\/em><br \/>\/ Sonya M\u00f6nius, Aarhus.<br \/><br \/><em>\u2018Jeg har v\u00e6ret i overgangsalderen i flere \u00e5r med dertilh\u00f8rende v\u00e6gt\u00f8gning. Det har v\u00e6ret sv\u00e6rt at acceptere, at min krop nu ser anderledes ud, men jeg har valgt at hvile i den frem for konstant at pr\u00f8ve at forandre den til noget andet. Jeg fik\u00a0 derfor lavet en smuk og stemningsfuld akvarel til mig selv, s\u00e5 jeg kan minde mig selv om, hvor smuk, st\u00e6rk og sej min krop stadig er!\u2019<\/em><br \/>\/Maya Mogensen, K\u00f8benhavn.<br \/><br \/><em>\u2018Jeg har f\u00e5et lavet en akvarel af mig selv, fordi jeg som mor til to teenage-piger er s\u00e5 \u00e6rgerlig over, at unge piger, men ogs\u00e5 nogle af mine veninder, takker nej til sport eller strandture, fordi de ikke vil vise sig n\u00f8gne eller i badet\u00f8j. Det er s\u00e5 \u00e6rgerligt, at vi tror, at vi skal v\u00e6re perfekte, for det er er jo ingen, som er! Jeg \u00f8ver mig derfor i at sige pyt, for jeg vil hellere have det ekstra glas vin end k\u00e6mpe mod min krop. En akvarel af L\u00e6rke, som kan minde mig om det, var et godt og smukt skridt p\u00e5 vejen.\u2019<\/em><br \/>\/Ulla Emborg, Charlottenlund.\u00a0<\/p><\/div>\n\n\n\n<div class=\"wp-block-columns is-layout-flex wp-container-core-columns-is-layout-28f84493 wp-block-columns-is-layout-flex\">\n\n<div class=\"wp-block-column is-layout-flow wp-block-column-is-layout-flow\" style=\"flex-basis:33%\">\n\n<figure class=\"wp-block-image size-large\"><img loading=\"lazy\" decoding=\"async\" width=\"1056\" height=\"1438\" src=\"https:\/\/dev.laerkeegefjord.dk\/wordpress\/wp-content\/uploads\/2023\/07\/26D14A48-1042-4D0F-9AF2-38EF18751036.jpg\" alt=\"\" class=\"wp-image-4235\" srcset=\"https:\/\/dev.laerkeegefjord.dk\/wordpress\/wp-content\/uploads\/2023\/07\/26D14A48-1042-4D0F-9AF2-38EF18751036.jpg 1056w, https:\/\/dev.laerkeegefjord.dk\/wordpress\/wp-content\/uploads\/2023\/07\/26D14A48-1042-4D0F-9AF2-38EF18751036-220x300.jpg 220w, https:\/\/dev.laerkeegefjord.dk\/wordpress\/wp-content\/uploads\/2023\/07\/26D14A48-1042-4D0F-9AF2-38EF18751036-752x1024.jpg 752w, https:\/\/dev.laerkeegefjord.dk\/wordpress\/wp-content\/uploads\/2023\/07\/26D14A48-1042-4D0F-9AF2-38EF18751036-768x1046.jpg 768w, https:\/\/dev.laerkeegefjord.dk\/wordpress\/wp-content\/uploads\/2023\/07\/26D14A48-1042-4D0F-9AF2-38EF18751036-800x1089.jpg 800w, https:\/\/dev.laerkeegefjord.dk\/wordpress\/wp-content\/uploads\/2023\/07\/26D14A48-1042-4D0F-9AF2-38EF18751036-600x817.jpg 600w\" sizes=\"auto, (max-width: 1056px) 100vw, 1056px\" \/><\/figure>\n\n\n<\/div>\n\n\n<div class=\"wp-block-column is-layout-flow wp-block-column-is-layout-flow\" style=\"flex-basis:33%\">\n\n<figure class=\"wp-block-image size-large\"><img loading=\"lazy\" decoding=\"async\" width=\"750\" height=\"1129\" src=\"https:\/\/dev.laerkeegefjord.dk\/wordpress\/wp-content\/uploads\/2023\/07\/9B3EC099-812D-4859-9CF0-3D67FA5D05DA.jpg\" alt=\"\" class=\"wp-image-4247\" srcset=\"https:\/\/dev.laerkeegefjord.dk\/wordpress\/wp-content\/uploads\/2023\/07\/9B3EC099-812D-4859-9CF0-3D67FA5D05DA.jpg 750w, https:\/\/dev.laerkeegefjord.dk\/wordpress\/wp-content\/uploads\/2023\/07\/9B3EC099-812D-4859-9CF0-3D67FA5D05DA-199x300.jpg 199w, https:\/\/dev.laerkeegefjord.dk\/wordpress\/wp-content\/uploads\/2023\/07\/9B3EC099-812D-4859-9CF0-3D67FA5D05DA-680x1024.jpg 680w, https:\/\/dev.laerkeegefjord.dk\/wordpress\/wp-content\/uploads\/2023\/07\/9B3EC099-812D-4859-9CF0-3D67FA5D05DA-600x903.jpg 600w\" sizes=\"auto, (max-width: 750px) 100vw, 750px\" \/><\/figure>\n\n\n<\/div>\n\n\n<div class=\"wp-block-column is-layout-flow wp-block-column-is-layout-flow\" style=\"flex-basis:33%\">\n\n<figure class=\"wp-block-image size-large\"><img loading=\"lazy\" decoding=\"async\" width=\"768\" height=\"960\" src=\"https:\/\/dev.laerkeegefjord.dk\/wordpress\/wp-content\/uploads\/2023\/07\/IMG_3662.jpg\" alt=\"\" class=\"wp-image-4239\" srcset=\"https:\/\/dev.laerkeegefjord.dk\/wordpress\/wp-content\/uploads\/2023\/07\/IMG_3662.jpg 768w, https:\/\/dev.laerkeegefjord.dk\/wordpress\/wp-content\/uploads\/2023\/07\/IMG_3662-240x300.jpg 240w, https:\/\/dev.laerkeegefjord.dk\/wordpress\/wp-content\/uploads\/2023\/07\/IMG_3662-600x750.jpg 600w\" sizes=\"auto, (max-width: 768px) 100vw, 768px\" \/><\/figure>\n\n\n<\/div>\n\n<\/div>\n\n\n\n<h2 class=\"uk-h2 uk-margin-small uk-text-center\" style=\"text-align: center\">Sp\u00f8rgsm\u00e5l &amp; svar<\/h2><div class=\"uk-panel uk-margin\"><p><em>Mine kunder er typisk kvinder i alderen 25 \u2013 65 \u00e5r, men alle er velkomne, ogs\u00e5 par. Ofte er udgangspunktet for kvinden, at det skal v\u00e6re en gave til en partner, men for nogle kan det ogs\u00e5 v\u00e6re et manifest af, hvor de er n\u00e5et til i deres syn p\u00e5 egen krop.\u00a0<\/em><br \/><em>Nedenfor er svar p\u00e5 de mest almindelige sp\u00f8rgsm\u00e5l i forbindelse med tilblivelsen af en \u2018Akvarel af dig\u2019.<\/em><\/p><\/div>\n\n\n\n<h3 class=\"uk-h4 uk-margin-small uk-margin-remove-bottom uk-text-left\">Hvordan foreg\u00e5r det rent praktisk?<\/h3><div class=\"uk-panel uk-margin uk-margin-remove-top\"><p>Du v\u00e6lger selv, om du har lyst til at m\u00f8de op hjemme hos mig i Aarhus og blive portr\u00e6tteret, eller om du hellere vil sende mig et foto af dig selv, som jeg fortolker over i en akvarel. Hvis du bor i Aarhus, kommer jeg ogs\u00e5 gerne hjem til dig.\u00a0<\/p><p>Hvis du \u00f8nsker at f\u00e5 lavet v\u00e6rket hjemme hos mig, skal du afs\u00e6tte cirka halvanden time til det.<\/p><p>Her vil jeg indledningsvist spore mig ind p\u00e5 dine \u00f8nsker til b\u00e5de stilling og farvevalg samt danne mig et indtryk af din kropsholdning, f\u00f8r jeg g\u00e5r i gang med v\u00e6rket.<\/p><p>Det kan lade sig g\u00f8re b\u00e5de i hverdage og weekender. Kontakt mig gerne i god tid mhp. en aftale.<\/p><p>Hvis du \u00f8nsker at f\u00e5 lavet et v\u00e6rk ud fra et foto, kan vi tage samme snak over telefonen.<\/p><\/div>\n\n\n\n<h3 class=\"uk-h4 uk-margin-small uk-margin-remove-bottom uk-text-left\">Skal man v\u00e6re helt n\u00f8gen?<\/h3><div class=\"uk-panel uk-margin uk-margin-remove-top\"><p>Det er ikke n\u00f8dvendigt at v\u00e6re helt n\u00f8gen. Undert\u00f8j eller andet let p\u00e5kl\u00e6dning er helt ok, uanset om du gerne vil have det f\u00e6rdige v\u00e6rk til at fremst\u00e5, som om du er n\u00f8gen eller let p\u00e5kl\u00e6dt.<\/p><p>Dog er det vigtigt, at t\u00f8jet er t\u00e6tsiddende men ikke strammer p\u00e5 en m\u00e5de, der bryder linjerne i dine kurver, og s\u00e5 skal det v\u00e6re lyst t\u00f8j.<\/p><p>Tilblivelsen af v\u00e6rket foreg\u00e5r under private former, og der vil kun v\u00e6re os to tilstede i lokalet.<br \/>Under hele sessionen har jeg fokus p\u00e5 at skabe et godt og trygt rum, for man er s\u00e5rbar, n\u00e5r man som modig kvinde har besluttet, at det her \u2013 det t\u00f8r man godt!<\/p><p>Du beh\u00f8ver heller ikke v\u00e6re rutineret i at stille dig frem.<\/p><\/div>\n\n\n\n<h3 class=\"uk-h4 uk-margin-small uk-margin-remove-bottom uk-text-left\">Hvilken st\u00f8rrelse er det f\u00e6rdige v\u00e6rk?<\/h3><div class=\"uk-panel uk-margin uk-margin-remove-top\"><p>St\u00f8rrelsen er 30 x 40 cm i ramme.<\/p><\/div><h3 class=\"uk-h4 uk-margin-small uk-margin-remove-bottom uk-text-left\">Hvad koster fragten?<\/h3><div class=\"uk-panel uk-margin uk-margin-remove-top\"><p>Fragten er gratis.<\/p><\/div><h3 class=\"uk-h4 uk-margin-small uk-margin-remove-bottom uk-text-left\">Hvor lang er leveringstiden?<\/h3><div class=\"uk-panel uk-margin uk-margin-remove-top\"><p>Leveringstiden er 10 \u2013 14 arbejdsdage.<\/p><\/div><h3 class=\"uk-h4 uk-margin-small uk-margin-remove-bottom uk-text-left\">Hvilke betalingsmuligheder tilbydes?<\/h3><div class=\"uk-panel uk-margin uk-margin-remove-top\"><p>Du kan betale med Mobilepay eller via bankoverf\u00f8rsel.<\/p><\/div><h3 class=\"uk-h4 uk-margin-small uk-margin-remove-bottom uk-text-left\">Hvortil skal jeg sende mit foto?<\/h3><div class=\"uk-panel uk-margin uk-margin-remove-top\"><p>Per mail:\u00a0<a href=\"mailto:legefjord@gmail.com\">legefjord@gmail.com<\/a><br \/>Per post: L\u00e6rke Egefjord, \u00c5lykkevej 5, DK.8240 Risskov.\u00a0<\/p><\/div>\n\n\n\n<h3 class=\"uk-h4 uk-margin-small uk-margin-remove-bottom uk-text-left\">Hvilken slags papir anvendes?<\/h3><div class=\"uk-panel uk-margin uk-margin-remove-top\"><p>V\u00e6rkerne bliver malet p\u00e5 300 g\/m2 naturhvidt akvarelpapir af h\u00f8j kvalitet fra Fabriano, som er lavet af 100% bomuld, klor- og syrefrit og aldringsbestandigt, s\u00e5 det ikke kun ser godt ud, men ogs\u00e5 holder hele livet.<\/p><\/div><h3 class=\"uk-h4 uk-margin-small uk-margin-remove-bottom uk-text-left\">Kan jeg have indflydelse p\u00e5 valg af farver?<\/h3><div class=\"uk-panel uk-margin uk-margin-remove-top\"><p>Ja, selvf\u00f8lgelig! Hvis du for eksempel \u00f8nsker, at v\u00e6rket skal males i samme farver som p\u00e5 fotoet, g\u00f8r jeg med gl\u00e6de det.<\/p><h3 class=\"uk-h4 uk-margin-small uk-margin-remove-bottom uk-text-left\">Hvilke akvarelfarver anvendes?<\/h3><div class=\"uk-panel uk-margin uk-margin-remove-top\"><p>Jeg burger altid akvarelfarver fra Winsor &amp; Newton, som er kendte for deres h\u00f8je kvalitet. Farverne har en h\u00f8j pigmentkoncentration, som sikrer, at farverne bevares og ikke falmer over tid.<\/p><\/div><h3 class=\"uk-h4 uk-margin-small uk-margin-remove-bottom uk-text-left\">Kan jeg k\u00f8be et gavekort til et v\u00e6rk?<\/h3><div class=\"uk-panel uk-margin uk-margin-remove-top\"><p>Ja, jeg laver ogs\u00e5 gavekort. Send en besked til\u00a0<a href=\"mailto:legefjord@gmail.com\">legefjord@gmail.com<\/a>\u00a0for at lave en aftale omkring k\u00f8b af gavekort.<\/p><h3 class=\"uk-h4 uk-margin-small uk-margin-remove-bottom uk-text-left\">Hvilke rammer anvendes?<\/h3><div class=\"uk-panel uk-margin uk-margin-remove-top\"><p>Jeg anvender skifterammer fra den anerkendte italienske rammeproducent Bubola &amp; Naibo. Rammerne er fremstillet af birketr\u00e6, og du kan v\u00e6lge mellem hvid, sort og tr\u00e6farven lys birk.<\/p><\/div><h3 class=\"uk-h4 uk-margin-small uk-margin-remove-bottom uk-text-left\">Hvad g\u00f8r jeg, hvis jeg har en klage?<\/h3><div class=\"uk-panel uk-margin uk-margin-remove-top\"><p>Alle klager (for v\u00e6rker, som bliver beskadiget under transporten) skal ske inden 14 dage efter modtagelsen.<\/p><p>Klager sendes til\u00a0<a href=\"mailto:legefjord@gmail.com\">legefjord@gmail.com<\/a>.<\/p><\/div><\/div><\/div>\n\n\n\n<hr class=\"wp-block-separator is-style-wide is-style-wide--1\"\/>\n\n\n\n<div class=\"uk-section-default uk-section\"><div class=\"uk-container\"><div class=\"tm-grid-expand uk-child-width-1-1 uk-grid-margin uk-grid uk-grid-stack\"><div class=\"uk-width-1-1@m uk-first-column\"><div class=\"uk-panel uk-text-large uk-margin-remove-vertical uk-text-center\"><p style=\"text-align: center\"><strong>Skulle du have andre sp\u00f8rgsm\u00e5l, er du naturligvis velkommen til at kontakte mig<\/strong><\/p><\/div><\/div><\/div><\/div><\/div>\n\n\n\n<div class=\"wp-block-buttons is-content-justification-center is-layout-flex wp-container-core-buttons-is-layout-a89b3969 wp-block-buttons-is-layout-flex\">\n\n<div class=\"wp-block-button\"><a class=\"wp-block-button__link wp-element-button\" href=\"\/wordpress\/kontakt\">Kontakt<\/a><\/div>\n\n<\/div>\n","protected":false},"excerpt":{"rendered":"<p>Se, hvor smuk du er \u2013 f\u00e5 et anderledes &amp; unikt v\u00e6rk af dig selv som kvinde \u2013 og en helt s\u00e6rlig oplevelse ! Kroppen er et vidunderligt motiv, b\u00e5de hvis den er ung, rynket, gravid eller noget helt andet. Men nogle gange kan vi v\u00e6re bange for at vise os frem og udstille vores [&hellip;]<\/p>\n","protected":false},"author":0,"featured_media":0,"parent":0,"menu_order":0,"comment_status":"closed","ping_status":"closed","template":"","meta":{"_seopress_robots_primary_cat":"","_seopress_titles_title":"","_seopress_titles_desc":"","_seopress_robots_index":"","footnotes":""},"class_list":["post-4890","page","type-page","status-publish","hentry"],"_links":{"self":[{"href":"https:\/\/dev.laerkeegefjord.dk\/wordpress\/wp-json\/wp\/v2\/pages\/4890","targetHints":{"allow":["GET"]}}],"collection":[{"href":"https:\/\/dev.laerkeegefjord.dk\/wordpress\/wp-json\/wp\/v2\/pages"}],"about":[{"href":"https:\/\/dev.laerkeegefjord.dk\/wordpress\/wp-json\/wp\/v2\/types\/page"}],"replies":[{"embeddable":true,"href":"https:\/\/dev.laerkeegefjord.dk\/wordpress\/wp-json\/wp\/v2\/comments?post=4890"}],"version-history":[{"count":2,"href":"https:\/\/dev.laerkeegefjord.dk\/wordpress\/wp-json\/wp\/v2\/pages\/4890\/revisions"}],"predecessor-version":[{"id":4932,"href":"https:\/\/dev.laerkeegefjord.dk\/wordpress\/wp-json\/wp\/v2\/pages\/4890\/revisions\/4932"}],"wp:attachment":[{"href":"https:\/\/dev.laerkeegefjord.dk\/wordpress\/wp-json\/wp\/v2\/media?parent=4890"}],"curies":[{"name":"wp","href":"https:\/\/api.w.org\/{rel}","templated":true}]}}