{"id":4886,"date":"2026-03-22T12:57:05","date_gmt":"2026-03-22T12:57:05","guid":{"rendered":"https:\/\/dev.laerkeegefjord.dk\/wordpress\/om-fse\/"},"modified":"2026-03-22T13:39:41","modified_gmt":"2026-03-22T13:39:41","slug":"om-mig","status":"publish","type":"page","link":"https:\/\/dev.laerkeegefjord.dk\/wordpress\/om-mig\/","title":{"rendered":"Om Mig"},"content":{"rendered":"\n<figure class=\"wp-block-image size-large\"><img loading=\"lazy\" decoding=\"async\" width=\"2560\" height=\"1708\" src=\"https:\/\/dev.laerkeegefjord.dk\/wordpress\/wp-content\/uploads\/2024\/07\/2024_06_LaerkeEgefjord_Portrait_0052-scaled.jpg\" alt=\"L\u00e6rke Egefjord portr\u00e6t\" class=\"wp-image-4525\" srcset=\"https:\/\/dev.laerkeegefjord.dk\/wordpress\/wp-content\/uploads\/2024\/07\/2024_06_LaerkeEgefjord_Portrait_0052-scaled.jpg 2560w, https:\/\/dev.laerkeegefjord.dk\/wordpress\/wp-content\/uploads\/2024\/07\/2024_06_LaerkeEgefjord_Portrait_0052-scaled-300x200.jpg 300w, https:\/\/dev.laerkeegefjord.dk\/wordpress\/wp-content\/uploads\/2024\/07\/2024_06_LaerkeEgefjord_Portrait_0052-scaled-1024x683.jpg 1024w, https:\/\/dev.laerkeegefjord.dk\/wordpress\/wp-content\/uploads\/2024\/07\/2024_06_LaerkeEgefjord_Portrait_0052-scaled-768x512.jpg 768w, https:\/\/dev.laerkeegefjord.dk\/wordpress\/wp-content\/uploads\/2024\/07\/2024_06_LaerkeEgefjord_Portrait_0052-scaled-1536x1025.jpg 1536w, https:\/\/dev.laerkeegefjord.dk\/wordpress\/wp-content\/uploads\/2024\/07\/2024_06_LaerkeEgefjord_Portrait_0052-scaled-2048x1366.jpg 2048w, https:\/\/dev.laerkeegefjord.dk\/wordpress\/wp-content\/uploads\/2024\/07\/2024_06_LaerkeEgefjord_Portrait_0052-scaled-800x534.jpg 800w, https:\/\/dev.laerkeegefjord.dk\/wordpress\/wp-content\/uploads\/2024\/07\/2024_06_LaerkeEgefjord_Portrait_0052-scaled-600x400.jpg 600w\" sizes=\"auto, (max-width: 2560px) 100vw, 2560px\" \/><\/figure>\n\n\n\n<div class=\"wp-block-columns is-layout-flex wp-container-core-columns-is-layout-28f84493 wp-block-columns-is-layout-flex\">\n\n<div class=\"wp-block-column is-layout-flow wp-block-column-is-layout-flow\">\n\n<p><strong>BILLEDKUNSTNER:<\/strong><br>Jeg er billedkunstner og bosiddende i Risskov n\u00e6r Aarhus. Jeg arbejder med akvarel, kridt og akryl, ofte med afs\u00e6t i den lokale strand &amp; natur.<\/p><p>Min kunstneriske stil kan bedst beskrives som et miks af ekspressionisme og impressionisme, krydret med koloristens nysgerrige leg med farverne. Det er gl\u00e6den ved legen og det uforudsigelige, som f\u00e5r farverne fra tanke til l\u00e6rred \u2013 id\u00e9en ved begyndelsen bliver formet og moduleret p\u00e5 sin vej til sit endeligt.<\/p><p>Senest har jeg haft separatudstillinger hos L\u00e6gemiddelstyrelsen, Danske Bank og Bech-Bruun, DSB, Codan og Aarhus Universitetshospital.<\/p>\n\n\n<figure class=\"wp-block-image size-medium\"><img loading=\"lazy\" decoding=\"async\" width=\"1708\" height=\"2560\" src=\"https:\/\/dev.laerkeegefjord.dk\/wordpress\/wp-content\/uploads\/2024\/07\/2024_06_LaerkeEgefjord_Portrait_0150-scaled.jpg\" alt=\"L\u00e6rke Egefjord\" class=\"wp-image-4520\" srcset=\"https:\/\/dev.laerkeegefjord.dk\/wordpress\/wp-content\/uploads\/2024\/07\/2024_06_LaerkeEgefjord_Portrait_0150-scaled.jpg 1708w, https:\/\/dev.laerkeegefjord.dk\/wordpress\/wp-content\/uploads\/2024\/07\/2024_06_LaerkeEgefjord_Portrait_0150-scaled-200x300.jpg 200w, https:\/\/dev.laerkeegefjord.dk\/wordpress\/wp-content\/uploads\/2024\/07\/2024_06_LaerkeEgefjord_Portrait_0150-scaled-683x1024.jpg 683w, https:\/\/dev.laerkeegefjord.dk\/wordpress\/wp-content\/uploads\/2024\/07\/2024_06_LaerkeEgefjord_Portrait_0150-scaled-768x1151.jpg 768w, https:\/\/dev.laerkeegefjord.dk\/wordpress\/wp-content\/uploads\/2024\/07\/2024_06_LaerkeEgefjord_Portrait_0150-scaled-1025x1536.jpg 1025w, https:\/\/dev.laerkeegefjord.dk\/wordpress\/wp-content\/uploads\/2024\/07\/2024_06_LaerkeEgefjord_Portrait_0150-scaled-1366x2048.jpg 1366w, https:\/\/dev.laerkeegefjord.dk\/wordpress\/wp-content\/uploads\/2024\/07\/2024_06_LaerkeEgefjord_Portrait_0150-scaled-800x1199.jpg 800w, https:\/\/dev.laerkeegefjord.dk\/wordpress\/wp-content\/uploads\/2024\/07\/2024_06_LaerkeEgefjord_Portrait_0150-scaled-600x899.jpg 600w\" sizes=\"auto, (max-width: 1708px) 100vw, 1708px\" \/><\/figure>\n\n\n<p style=\"font-size:0.85rem\">Fotos: Nicolai Fabricius Berthelsen<\/p>\n\n<\/div>\n\n\n<div class=\"wp-block-column is-layout-flow wp-block-column-is-layout-flow\">\n\n<p><strong>L\u00c6GE:\u00a0<br \/><\/strong><br \/>Helt kort har jeg en baggrund som l\u00e6ge (uddannet fra Aarhus Universitet i 2010) og forsker inden for hjernesygdomme, med s\u00e6rlig interesse for demens.<\/p><p>Det er den viden, jeg bruger til at undervise og holde foredrag om, hvordan man kan styrke den mentale sundhed gennem kunstoplevelser og kreative processer b\u00e5de for offentlige institutioner og for private virksomheder &#8211; senest hos advokatfirmaet Gorissen Federspiel, Kvadrat, Sparekassen Kronjylland,\u00a0 ARKEN, Grundfoss, LEGO, Aarhus Universitetshospital, Regionshospitalet i Viborg og G\u00f8dstrup, LEGO samt p\u00e5 kunstmuseer som ARoS, Trapholt,\u00a0 m.fl.<\/p><p>Derudover er jeg tilknyttet Folkeuniversitet som fast underviser.<\/p><p><strong>UDVALGTE SENESTE PROJEKTER:<\/strong><\/p><p>Udvikler &amp; underviser p\u00e5 forl\u00f8bet &#8216;<a href=\"https:\/\/www.vellivforeningen.dk\/projekter\/fokus-flow-og-faellesskab-for-stressramte-borgere-paa-risskov-bibliotek\">Flow, fokus &amp; f\u00e6llesskab<\/a>&#8216; &#8211; et forl\u00f8b til stressramte borgere i Aarhus Kommune i samarbejde med Risskov Bibliotek og med st\u00f8tte fra Velliv Foreningen.\u00a0<\/p><p>Ekstern underviser p\u00e5 <a href=\"https:\/\/www.rehpa.dk\/\">REHPA<\/a>, Videncenter for Rehabilitering og Palliation p\u00e5 Odense Universitetshospital, hvor jeg underviser i kreative aktiviteteter p\u00e5 ugekurset &#8216;Kr\u00e6ftrelateret tr\u00e6thed&#8217;.<\/p><p>Konsulent, ambassad\u00f8r og udvikler af kreative kits inden for akvarel til styrkelse af mental sundhed for den kreative virksomhed <a href=\"https:\/\/www.cchobby.dk\/\">Creativ Company<\/a><\/p><p>Mit akvarelkit til voksne kan ses &amp; k\u00f8bes <a href=\"https:\/\/www.cchobby.dk\/diy-kit-akvarel-1-pk?gad_source=1&amp;gclid=Cj0KCQiAs5i8BhDmARIsAGE4xHwlhJAkhZ8u47T66mCPtf47gS7sfQbFHTBDQYDwJVmQP74PEKlbNxoaAsWnEALw_wcB&amp;gclsrc=aw.ds\">her<\/a><\/p><p>Mit akvarelkit til b\u00f8rn kan ses &amp; k\u00f8bes <a href=\"https:\/\/www.cchobby.dk\/diy-kit-akvarel-1-pk-977768\">her<\/a><br \/><br \/>Ekstern underviser i kreative processer p\u00e5 Aarhus Kommunes tilbud &#8216;Kulturvitaminer&#8217;, som er et forl\u00f8b, der tilbydes borgere i jobafklaring.<\/p><p>Udvikler og underviser p\u00e5 forl\u00f8bet &#8216;Creativity, Art and Mindfulness (based in the senses)&#8217; i samarbejde med University of Montreal &#8211; et forskningsprojekt, som unders\u00f8gte brugen af kreative processer til mennesker med erhvervet hjerneskade (TBI).<\/p><p>Ekstern sagskyndig i forbindelse med ans\u00f8gningsprocesser for diverse fonde, blandt andre <a href=\"https:\/\/obel.com\/\">Den Obelske Familiefond<\/a><\/p><p>Udvikler af og underviser p\u00e5 forl\u00f8bet \u2019<a href=\"https:\/\/www.mind-online.dk\/demens\/\">Kreativitet &amp; mindfulness for p\u00e5r\u00f8rende til demensramte<\/a>\u2019, som er st\u00f8ttet med midler fra Velliv Foreningen og Sundhedsstyrelsen og i samarbejde med Alzheimerforeingen.<\/p><p>Underviser p\u00e5 kurser for mennesker med demens i <a href=\"https:\/\/aarhus.dk\/borger\/sundhed-og-sygdom\/traening-og-rehabilitering\/hjaelp-til-mennesker-med-demens-og-deres-familie\">Aarhus Kommune<\/a> i, hvordan kunstens og kreativitetens gavnlige aspekter kan integreres i en helbredsm\u00e6ssig sammenh\u00e6ng ifm. sv\u00e6r sygdom.<\/p><p>Udvikler &amp; underviser p\u00e5 kursusforl\u00f8b for <a href=\"https:\/\/www.cancer.dk\/faa-raadgivning\/kraeftraadgivninger\/kraeftraadgivningen-aarhus\/\">Kr\u00e6ftens Bek\u00e6mpelse i Aarhus<\/a> for cancerpatienter med senf\u00f8lger, der handler om at mindske stress og \u00f8ge trivsel gennem kreative processer.<\/p><p>Bidrager til <a href=\"https:\/\/kulturogsundhed.aarhus.dk\/\">Aarhus Kommunes Kultur &amp; Sundhedsplan<\/a> med to\u00a0 projekter:<br \/>&#8211; et projekt, der fokuserede p\u00e5 at skabe bedre trivsel og mindre stress hos elever i udskolingen p\u00e5 aarhusianske folkeskoler\u00a0<br \/>&#8211; et projekt, der fokuserede p\u00e5 at skabe bedre sundhed hos borgere, der bev\u00e6ger sig fra arbejdsliv til seniorliv<\/p><p>Forfatter til romanen <a href=\"https:\/\/www.aakb.dk\/ting\/collection\/870970-basis%3A52013992\">\u201cGlemt\u201d<\/a>, der beskriver tabet af liv og genvindelsen af sig selv pga sygdom med udgangspunkt i l\u00e6gevidenskabelige fakta om Alzheimers demens. Bogen blev udgivet p\u00e5 Forlaget LIVA i 2015.<\/p><p>Jeg har s\u00e5ledes en bred undervisningserfaring, ogs\u00e5 som underviser af medicinstuderende p\u00e5 Aarhus Universitet og som Novo Nordisk formidlingsambassad\u00f8r i hhv. Princeton og K\u00f8benhavn. Derudover har jeg l\u00f8bende udgivet b\u00e5de forskningsartikler, kronikker og popul\u00e6rvidenskabelige artikler.<\/p><p><strong>Aktuelle interviews:<\/strong><\/p><p><a href=\"https:\/\/www.berlingske.dk\/indland\/peter-lund-madsen-kalder-det-ubetinget-godt-for-hjernen-og-nu-har-du-tiden\"><em>&#8216;Hjernen &amp; kreativitet&#8217; &#8211; interview sammen med med Peter Lund Madsen<\/em><\/a><br \/>Berlingske Tidende 09.07.2024<strong><br \/><\/strong><\/p><p><a href=\"https:\/\/www.dr.dk\/lyd\/p1\/supertanker\/supertanker-2022-10-31\"><em>&#8216;Jeg er i flow; in the zone&#8217;\u00a0<\/em><\/a><br \/>Supertanker p\u00e5 P1 31.10.2022<\/p><p class=\"article__headline \"><a href=\"https:\/\/viborg-folkeblad.dk\/artikel\/n%C3%A5r-hjernen-skal-have-ro-p%C3%A5-hospitalets-f%C3%B8deafsnit-har-pausen-h%C3%B8j-prioritet\">&#8216;N\u00e5r hjernen skal have ro &#8211; p\u00e5 hospitalets f\u00f8deafsnit har pausen h\u00f8j prioritet&#8217;<\/a><br \/>Viborg Folkeblad, oktober 2022.<\/p><p><a href=\"https:\/\/jyllands-posten.dk\/indland\/ECE12319903\/laerke-egefjord-skulle-tage-sig-af-patienter-men-kunne-lige-saa-godt-have-langet-wienerbroed-over-disken\/\"><em>\u2018Hun valgte kunsten frem for kitlen\u2019\u00a0<\/em><\/a><br \/>Jyllandsposten, august 2020<\/p><p><a href=\"https:\/\/www.magasinethelse.dk\/kunst-kan-ikke-helbrede-men-virke-helende\/\"><em>\u2018Kunst kan ikke helbrede, men virke helende\u2019<\/em><\/a><br \/>Magsinet Helse, oktober 2020<\/p>\n\n<\/div>\n\n<\/div>\n\n","protected":false},"excerpt":{"rendered":"<p>BILLEDKUNSTNER:Jeg er billedkunstner og bosiddende i Risskov n\u00e6r Aarhus. Jeg arbejder med akvarel, kridt og akryl, ofte med afs\u00e6t i den lokale strand &amp; natur. Min kunstneriske stil kan bedst beskrives som et miks af ekspressionisme og impressionisme, krydret med koloristens nysgerrige leg med farverne. Det er gl\u00e6den ved legen og det uforudsigelige, som f\u00e5r [&hellip;]<\/p>\n","protected":false},"author":0,"featured_media":0,"parent":0,"menu_order":0,"comment_status":"closed","ping_status":"closed","template":"","meta":{"_seopress_robots_primary_cat":"","_seopress_titles_title":"","_seopress_titles_desc":"","_seopress_robots_index":"","footnotes":""},"class_list":["post-4886","page","type-page","status-publish","hentry"],"_links":{"self":[{"href":"https:\/\/dev.laerkeegefjord.dk\/wordpress\/wp-json\/wp\/v2\/pages\/4886","targetHints":{"allow":["GET"]}}],"collection":[{"href":"https:\/\/dev.laerkeegefjord.dk\/wordpress\/wp-json\/wp\/v2\/pages"}],"about":[{"href":"https:\/\/dev.laerkeegefjord.dk\/wordpress\/wp-json\/wp\/v2\/types\/page"}],"replies":[{"embeddable":true,"href":"https:\/\/dev.laerkeegefjord.dk\/wordpress\/wp-json\/wp\/v2\/comments?post=4886"}],"version-history":[{"count":1,"href":"https:\/\/dev.laerkeegefjord.dk\/wordpress\/wp-json\/wp\/v2\/pages\/4886\/revisions"}],"predecessor-version":[{"id":4903,"href":"https:\/\/dev.laerkeegefjord.dk\/wordpress\/wp-json\/wp\/v2\/pages\/4886\/revisions\/4903"}],"wp:attachment":[{"href":"https:\/\/dev.laerkeegefjord.dk\/wordpress\/wp-json\/wp\/v2\/media?parent=4886"}],"curies":[{"name":"wp","href":"https:\/\/api.w.org\/{rel}","templated":true}]}}