{"id":4885,"date":"2026-03-22T12:56:41","date_gmt":"2026-03-22T12:56:41","guid":{"rendered":"https:\/\/dev.laerkeegefjord.dk\/wordpress\/cookie-private-fse\/"},"modified":"2026-03-22T13:39:17","modified_gmt":"2026-03-22T13:39:17","slug":"cookie-og-privatlivspolitik","status":"publish","type":"page","link":"https:\/\/dev.laerkeegefjord.dk\/wordpress\/cookie-og-privatlivspolitik\/","title":{"rendered":"Cookie- og Privatlivspolitik"},"content":{"rendered":"\n<h1>Cookie- og Privatlivspolitik\u00a0<\/h1><h3>Introduktion<\/h3><p>N\u00e5r du bes\u00f8ger vores website bliver der indsamlet oplysninger om dig, som bliver brugt til at tilpasse og forbedre vores indhold. Hvis du ikke \u00f8nsker, at der bliver indsamlet oplysninger om dig, b\u00f8r du slette dine cookies og undlade videre brug af hjemmesiden. I de nedenst\u00e5ende afsnit har vi uddybet, hvad det er for informationer, der indsamles, deres form\u00e5l og hvilke tredjeparter, der har adgang til dem.<\/p><h3>Cookies<\/h3><p>Hjemmesiden anvender &#8220;cookies&#8221;, som er en tekstfil, der gemmes p\u00e5 din computer, mobil el. tilsvarende med form\u00e5let at genkende den, huske indstillinger, udf\u00f8re statistik og m\u00e5lrette annoncer. Cookies kan dog ikke indeholde skadelig kode som fx. virus.<br \/>Det er muligt for dig at slette eller blokere for cookies. Det kan du g\u00f8re ved at f\u00f8lge denne vejledning: http:\/\/minecookies.org\/cookiehandtering<br \/>Hvis du f\u00f8lger vejledningen og sletter eller blokerer cookies, kan du risikere, at hjemmesiden ikke fungerer optimalt, samt at der er indhold, som du ikke kan f\u00e5 adgang til.<\/p><h3>PERSONOPLYSNINGER<\/h3><p>Personoplysninger er alle former for informationer, som i et eller andet omfang kan henf\u00f8res til dig. N\u00e5r du benytter vores website, s\u00e5 indsamler og behandler vi en r\u00e6kke af s\u00e5danne informationer. Det sker f.eks. ved helt almindelige interaktioner p\u00e5 hjemmesiden som fx at du tilmelder dig vores nyhedsbrev, deltager i en konkurrence\/unders\u00f8gelse, registrerer dig som ny bruger\/abonnent eller ved \u00f8vrig brug af services eller k\u00f8b via vores hjemmeside.<\/p><p>Vi indsamler og behandler typisk f\u00f8lgende slags oplysninger: Et unikt ID og tekniske oplysninger om din computer, tablet eller mobiltelefon, dit IP-nummer, geografisk placering, samt hvilke sider du klikker p\u00e5. I det omfang du selv giver eksplicit samtykke og selv indtaster informationerne, behandler vi desuden: Navn, telefonnummer, e-mail, adresse og betalingsoplysninger. Det sker typisk i forbindelse med, at du opretter et login eller ved k\u00f8b p\u00e5 siden.<\/p><p><b>Sikkerhed<\/b><br \/>Vi behandler dine personoplysninger sikkert og fortroligt i overensstemmelse med g\u00e6ldende lovgivning, herunder persondataforordningen og databeskyttelsesloven.<br \/>Dine oplysninger vil alene blive anvendt til det form\u00e5l, de er indsamlet til og vil blive slettet, n\u00e5r dette form\u00e5l er opfyldt eller ikke l\u00e6ngere er relevant.<br \/>Vi har truffet tekniske og organisatoriske foranstaltninger mod, at dine oplysninger h\u00e6ndeligt eller ulovligt bliver slettet, offentliggjort, fortabt, forringet eller kommer til uvedkommendes kendskab, misbruges eller i \u00f8vrigt behandles i strid med lovgivningen.<\/p><p><b>Form\u00e5l<\/b><br \/>Oplysningerne bruges til at identificere dig som bruger, at registrere dine k\u00f8b og betalinger, samt at kunne levere dig de services, du har efterspurgt, som fx at modtage nyhedsbreve. Derudover anvender vi oplysningerne til at optimere og forbedre vores services og indhold.<\/p><p><b>Periode for opbevaring<\/b><br \/>Vi opbevarer oplysninger i det tidsrum, som er tilladt i henhold til lovgivningen, og vi sletter dem, n\u00e5r de ikke l\u00e6ngere er n\u00f8dvendige eller relevante. Perioden afh\u00e6nger af, hvilken karakter oplysningen er og baggrunden for opbevaring. Det er derfor ikke muligt at give en generel tidsramme for, hvorn\u00e5r informationer slettes.<\/p><p><b>Videregivelse af oplysninger<\/b><br \/>Data om din brug af websitet, geografisk placering, k\u00f8n og alderssegment m.v. videregives til tredjeparter i det omfang oplysningerne er kendt, og s\u00e5fremt vi benytter os af tredjeparter. Du kan se hvilke tredjeparter, der er tale om, i afsnittet om Cookies ovenfor. Oplysningerne bliver anvendt til analyse trafik p\u00e5 hjemmesiden.<\/p><p>Vi benytter derudover en r\u00e6kke tredjeparter til opbevaring og behandling af data. Disse behandler udelukkende oplysninger p\u00e5 vegne af os og m\u00e5 ikke anvende dem til egne form\u00e5l.<\/p><p>Videregivelse af personoplysninger som navn og e-mail m.m. vil kun ske, hvis du selv giver samtykke til det. Vi anvender kun databehandlere i EU eller i lande, der kan give dine oplysninger en tilstr\u00e6kkelig beskyttelse.<\/p><p><b>Indsigt og klager<\/b><br \/>Du har ret til at f\u00e5 oplyst, hvilke personoplysninger, vi behandler om dig i et almindeligt format (dataportabilitet). Du kan desuden til enhver tid g\u00f8re indsigelse mod, at oplysningerne anvendes. Du kan ogs\u00e5 tilbagekalde dit samtykke til, at der bliver behandlet oplysninger om dig. Hvis de oplysninger, der behandles om dig, er forkerte har du ret til, at de bliver rettet eller slettet. Henvendelse herom kan ske til: info@hpcsoft.eu. Hvis du vil klage over vores behandling af dine personoplysninger, har du ogs\u00e5 mulighed for at tage kontakt til Datatilsynet.<br \/>\u00d8nsker du ikke l\u00e6ngere, at vi skal behandle dine personoplysninger, eller at vi skal begr\u00e6nse behandlingen af dine personoplysninger, kan du ogs\u00e5 sende os en anmodning herom til ovenn\u00e6vnte e-mailadresse.<\/p>\n","protected":false},"excerpt":{"rendered":"<p>Cookie- og Privatlivspolitik\u00a0 Introduktion N\u00e5r du bes\u00f8ger vores website bliver der indsamlet oplysninger om dig, som bliver brugt til at tilpasse og forbedre vores indhold. Hvis du ikke \u00f8nsker, at der bliver indsamlet oplysninger om dig, b\u00f8r du slette dine cookies og undlade videre brug af hjemmesiden. I de nedenst\u00e5ende afsnit har vi uddybet, hvad [&hellip;]<\/p>\n","protected":false},"author":0,"featured_media":0,"parent":0,"menu_order":0,"comment_status":"closed","ping_status":"closed","template":"","meta":{"_seopress_robots_primary_cat":"","_seopress_titles_title":"","_seopress_titles_desc":"","_seopress_robots_index":"","footnotes":""},"class_list":["post-4885","page","type-page","status-publish","hentry"],"_links":{"self":[{"href":"https:\/\/dev.laerkeegefjord.dk\/wordpress\/wp-json\/wp\/v2\/pages\/4885","targetHints":{"allow":["GET"]}}],"collection":[{"href":"https:\/\/dev.laerkeegefjord.dk\/wordpress\/wp-json\/wp\/v2\/pages"}],"about":[{"href":"https:\/\/dev.laerkeegefjord.dk\/wordpress\/wp-json\/wp\/v2\/types\/page"}],"replies":[{"embeddable":true,"href":"https:\/\/dev.laerkeegefjord.dk\/wordpress\/wp-json\/wp\/v2\/comments?post=4885"}],"version-history":[{"count":1,"href":"https:\/\/dev.laerkeegefjord.dk\/wordpress\/wp-json\/wp\/v2\/pages\/4885\/revisions"}],"predecessor-version":[{"id":4902,"href":"https:\/\/dev.laerkeegefjord.dk\/wordpress\/wp-json\/wp\/v2\/pages\/4885\/revisions\/4902"}],"wp:attachment":[{"href":"https:\/\/dev.laerkeegefjord.dk\/wordpress\/wp-json\/wp\/v2\/media?parent=4885"}],"curies":[{"name":"wp","href":"https:\/\/api.w.org\/{rel}","templated":true}]}}